, 73, 191
List the prime factors of 141611.
23, 47, 131
List the prime factors of 163315.
5, 89, 367
List the prime factors of 457439.
61, 7499
What are the prime factors of 3599675?
5, 137, 1051
What are the prime factors of 2495784?
2, 3, 103991
List the prime factors of 2564629.
293, 8753
What are the prime factors of 314311?
257, 1223
What are the prime factors of 3049872?
2, 3, 7, 29, 313
List the prime factors of 417152.
2, 3259
List the prime factors of 704954.
2, 41, 8597
What are the prime factors of 626180?
2, 5, 131, 239
What are the prime factors of 359064?
2, 3, 4987
What are the prime factors of 139572?
2, 3, 3877
List the prime factors of 33425238.
2, 3, 7, 11, 71, 1019
List the prime factors of 21647689.
7, 733, 4219
List the prime factors of 1145715.
3, 5, 17, 4493
What are the prime factors of 4049683?
11, 368153
List the prime factors of 1048098.
2, 3, 307, 569
List the prime factors of 1408241.
1408241
What are the prime factors of 21711079?
13, 53, 31511
What are the prime factors of 11761008?
2, 3, 7, 17, 29, 71
List the prime factors of 1772919.
3, 196991
What are the prime factors of 1269046?
2, 634523
What are the prime factors of 381164?
2, 7, 13613
What are the prime factors of 11446338?
2, 3, 17, 293, 383
What are the prime factors of 1414440?
2, 3, 5, 3929
What are the prime factors of 1663449?
3, 109, 5087
What are the prime factors of 665081?
43, 15467
What are the prime factors of 6979089?
3, 13, 178951
List the prime factors of 6703913.
6703913
What are the prime factors of 739764?
2, 3, 20549
What are the prime factors of 2805483?
3, 19, 83, 593
List the prime factors of 410408.
2, 29, 61
What are the prime factors of 72665?
5, 14533
What are the prime factors of 261090?
2, 3, 5, 967
List the prime factors of 593817.
3, 7, 28277
List the prime factors of 1220301.
3, 135589
List the prime factors of 265702.
2, 132851
What are the prime factors of 21192747?
3, 31, 181, 1259
List the prime factors of 3178634.
2, 1589317
List the prime factors of 967382.
2, 13, 29, 1283
List the prime factors of 16652027.
7, 17, 41, 3413
List the prime factors of 1806421.
1806421
What are the prime factors of 3819948?
2, 3, 11, 43, 673
What are the prime factors of 2454658?
2, 1227329
List the prime factors of 29048618.
2, 14524309
What are the prime factors of 21882370?
2, 5, 2188237
List the prime factors of 9791044.
2, 2447761
What are the prime factors of 3139456?
2, 24527
What are the prime factors of 53573?
13, 317
List the prime factors of 4050526.
2, 97, 20879
What are the prime factors of 3798626?
2, 13, 193, 757
What are the prime factors of 1619251?
43, 37657
List the prime factors of 4931682.
2, 3, 7, 29, 4049
List the prime factors of 4397418.
2, 3, 244301
List the prime factors of 19620550.
2, 5, 17, 41, 563
List the prime factors of 545292.
2, 3, 11, 17
What are the prime factors of 985429?
53, 18593
List the prime factors of 17972538.
2, 3, 43, 69661
List the prime factors of 920050.
2, 5, 18401
What are the prime factors of 57144?
2, 3, 2381
List the prime factors of 140243.
59, 2377
What are the prime factors of 195821?
59, 3319
List the prime factors of 17213142.
2, 3, 2868857
List the prime factors of 600586.
2, 7, 42899
List the prime factors of 17405636.
2, 4351409
What are the prime factors of 345271?
345271
What are the prime factors of 346936?
2, 17, 2551
What are the prime factors of 444161?
541, 821
What are the prime factors of 47144?
2, 71, 83
What are the prime factors of 7910336?
2, 7, 17657
List the prime factors of 304576.
2, 4759
List the prime factors of 1385285.
5, 11, 89, 283
What are the prime factors of 26922003?
3, 8974001
List the prime factors of 100230.
2, 3, 5, 13, 257
List the prime factors of 176980.
2, 5, 8849
List the prime factors of 47841.
3, 37, 431
List the prime factors of 26048916.
2, 3, 197, 3673
What are the prime factors of 29027?
29027
What are the prime factors of 1158202?
2, 19, 29, 1051
List the prime factors of 460054.
2, 7, 17, 1933
List the prime factors of 445953.
3, 43, 3457
What are the prime factors of 1665584?
2, 41, 2539
What are the prime factors of 570579?
3, 89, 2137
What are the prime factors of 385941?
3, 103, 1249
What are the prime factors of 257625?
3, 5, 229
What are the prime factors of 334517?
37, 9041
List the prime factors of 234016.
2, 71, 103
What are the prime factors of 191000?
2, 5, 191
What are the prime factors of 3478494?
2, 3, 691, 839
List the prime factors of 19155532.
2, 11, 17, 25609
What are the prime factors of 292896?
2, 3, 113
List the prime factors of 288323.
7, 41189
What are the prime factors of 57175?
5, 2287
List the prime factors of 246615.
3, 5, 41, 401
List the prime factors of 1289493.
3, 163, 293
What are the prime factors of 142224?
2, 3, 2963
What are the prime factors of 19796?
2, 7, 101
List the prime factors of 239825.
5, 53, 181
What are the prime factors of 9036911?
13, 17, 103, 397
List the prime factors of 984477.
3, 13, 25243
List the prime factors of 20108.
2, 11, 457
List the prime factors of 2062356.
2, 3, 171863
What are the prime factors of 49099?
37, 1327
What are the prime factors of 177045?
3, 5, 11, 29, 37
List the prime factors of 58840.
2, 5, 1471
List the prime factors of 559951.
7, 167, 479
List the prime factors of 203091.
3, 7, 19, 509
What are the prime factors of 14336?
2, 7
List the prime factors of 298196.
2, 127, 587
List the prime factors of 908688.
2, 3, 11, 1721
What are the prime factors of 8591800?
2, 5, 7, 17, 19
What are the prime factors of 2501425?
5, 100057
List the prime factors of 28660.
2, 5, 1433
List the prime factors of 3074717.
523, 5879
List the prime factors of 208704.
2, 3, 1087
What are the prime factors of 1122004?
2, 13, 21577
List the prime factors of 157984.
2, 4937
List the prime factors of 470688.
2, 3, 4903
What are the prime factors of 207166?
2, 103583
What are the prime factors of 1218579?
3, 31, 13103
What are the prime factors of 313489?
11, 28499
What are the prime factors of 90747?
3, 3361
List the prime factors of 93714.
2, 3, 15619
What are the prime factors of 138211?
41, 3371
What are the prime factors of 274576?
2, 131
What are the prime factors of 1261975?
5, 11, 13, 353
List the prime factors of 5692954.
2, 503, 5659
What are the prime factors of 643376?
2, 79, 509
List the prime factors of 109817.
193, 569
What are the prime factors of 497715?
3, 5, 33181
What are the prime factors of 28798?
2, 7, 11, 17
What are the prime factors of 233492?
2, 7, 31, 269
List the prime factors of 11602907.
11602907
List the prime factors of 13410821.
13410821
List the prime factors of 202873.
11, 18443
What are the prime factors of 655480?
2, 5, 7, 2341
List the prime factors of 1048687.
89, 11783
What are the prime factors of 160263?
3, 17807
List the prime factors of 59327.
41, 1447
List the prime factors of 149281.
11, 41, 331
What are the prime factors of 2479883?
7, 23, 73, 211
What are the prime factors of 114339?
3, 38113
List the prime factors of 25357.
25357
List the prime factors of 602060.
2, 5, 30103
What are the prime factors of 1761716?
2, 11, 40039
List the prime factors of 5868746.
2, 13, 225721
List the prime factors of 107779.
7, 89, 173
List the prime factors of 551460.
2, 3, 5, 7, 13, 101
What are the prime factors of 134379?
3, 7, 79
What are the prime factors of 5451119?
19, 281, 1021
What are the prime factors of 1133788?
2, 283447
What are the prime factors of 216104?
2, 7, 17, 227
What are the prime factors of 367581?
3, 122527
List the prime factors of 169773.
3, 56591
List the prime factors of 5545629.
3, 616181
What are the prime factors of 9998033?
9998033
List the prime factors of 1763226.
2, 3, 23, 4259
What are the prime factors of 7340753?
7, 17, 61687
What are the prime factors of 6711607?
7, 23, 41687
List the prime factors of 169159.
169159
What are the prime factors of 40601?
11, 3691
List the prime factors of 9242709.
3, 7, 71, 6199
List the prime factors of 4846156.
2, 7, 17, 10181
List the prime factors of 2417744.
2, 7, 21587
List the prime factors of 2407346.
2, 97, 12409
List the prime factors of 3413267.
11, 13, 23869
List the prime factors of 26299098.
2, 3, 7, 31, 6733
List the prime factors of 18651817.
18651817
Lis